{"id":107,"date":"2020-03-24T07:34:36","date_gmt":"2020-03-24T07:34:36","guid":{"rendered":"https:\/\/demosites.io\/rokophoto-gb\/?page_id=107"},"modified":"2024-01-04T19:13:06","modified_gmt":"2024-01-04T18:13:06","slug":"98ee9-portfolio","status":"publish","type":"page","link":"https:\/\/dronjose.com\/index.php\/98ee9-portfolio\/","title":{"rendered":"Portfolio"},"content":{"rendered":"\n<div id=\"wp-block-themeisle-blocks-advanced-columns-857e990b\" class=\"wp-block-themeisle-blocks-advanced-columns alignfull has-1-columns has-desktop-equal-layout has-tablet-equal-layout has-mobile-equal-layout has-vertical-unset\"><div class=\"wp-block-themeisle-blocks-advanced-columns-overlay\"><\/div><div class=\"innerblocks-wrap\">\n<div id=\"wp-block-themeisle-blocks-advanced-column-3f55563b\" class=\"wp-block-themeisle-blocks-advanced-column has-light-bg\">\n<h1 id=\"wp-block-themeisle-blocks-advanced-heading-973d3206\" class=\"wp-block-themeisle-blocks-advanced-heading wp-block-themeisle-blocks-advanced-heading-973d3206\">PORTFOLIO<\/h1>\n\n\n\n<h4 id=\"wp-block-themeisle-blocks-advanced-heading-e0467b5d\" class=\"wp-block-themeisle-blocks-advanced-heading wp-block-themeisle-blocks-advanced-heading-e0467b5d\">\u00bfC\u00d3MO TE PODEMOS AYUDAR?<\/h4>\n\n\n\n<p class=\"has-nv-c-1-color has-text-color has-link-color has-medium-font-size wp-elements-bd15a82f05b0603be6ffc25be18bbd12\">En el mundo digital actual, la creaci\u00f3n de contenidos de calidad es fundamental para destacar y captar la atenci\u00f3n de la audiencia. <\/p>\n\n\n\n<p class=\"has-nv-c-1-color has-text-color has-link-color has-medium-font-size wp-elements-689238f284834f647a4532b69d8799ff\">Para lograrlo, es necesario contar con una agencia creativa que pueda ofrecer soluciones innovadoras, efectivas y acompa\u00f1arte en la creaci\u00f3n de tu proyecto de una manera efectiva y eficiente.<\/p>\n\n\n\n<p class=\"has-nv-c-1-color has-text-color has-link-color has-medium-font-size wp-elements-2d1d737dac07b59341f37b2db9b8ade8\">En este sentido, nos especializamos en la creaci\u00f3n de contenidos, videos, dron, fotograf\u00eda, dise\u00f1o web.<\/p>\n<\/div>\n<\/div><\/div>\n\n\n\n<div id=\"wp-block-themeisle-blocks-advanced-columns-ca0cd328\" class=\"wp-block-themeisle-blocks-advanced-columns alignfull has-1-columns has-desktop-equal-layout has-tablet-equal-layout has-mobile-equal-layout has-vertical-unset\"><div class=\"wp-block-themeisle-blocks-advanced-columns-overlay\"><\/div><div class=\"innerblocks-wrap\">\n<div id=\"wp-block-themeisle-blocks-advanced-column-dd53a18e\" class=\"wp-block-themeisle-blocks-advanced-column\"><div class=\"wp-block-themeisle-blocks-advanced-column-overlay\"><\/div><div class=\"wp-block-image is-style-rounded\">\n<figure class=\"alignleft size-full is-resized\"><img loading=\"lazy\" decoding=\"async\" width=\"1024\" height=\"1024\" src=\"https:\/\/dronjose.com\/wp-content\/uploads\/2024\/01\/video2-1.jpg\" alt=\"\" class=\"wp-image-288\" style=\"object-fit:contain;width:300px;height:300px\" srcset=\"https:\/\/dronjose.com\/wp-content\/uploads\/2024\/01\/video2-1.jpg 1024w, https:\/\/dronjose.com\/wp-content\/uploads\/2024\/01\/video2-1-300x300.jpg 300w, https:\/\/dronjose.com\/wp-content\/uploads\/2024\/01\/video2-1-150x150.jpg 150w, https:\/\/dronjose.com\/wp-content\/uploads\/2024\/01\/video2-1-768x768.jpg 768w\" sizes=\"auto, (max-width: 1024px) 100vw, 1024px\" \/><\/figure>\n<\/div>\n\n\n<h3 class=\"wp-block-heading has-text-align-center has-nv-text-dark-bg-color has-text-color has-link-color wp-elements-711a0ea6c0e01bc82b563c1986e36ced\">video<\/h3>\n\n\n\n<blockquote class=\"wp-block-quote has-text-align-center has-medium-font-size is-layout-flow wp-block-quote-is-layout-flow\">\n<p class=\"has-text-align-center has-neve-text-color-color has-text-color has-link-color has-medium-font-size wp-elements-86d8c7148cbd134fa1789e4a73fb09df\">Los videos son una forma efectiva de transmitir mensajes y emociones de manera visual y din\u00e1mica. <\/p>\n\n\n\n<p class=\"has-text-align-center has-neve-text-color-color has-text-color has-link-color has-medium-font-size wp-elements-abf37ddc38868caf662f70c245fe61bf\">somos profesionales en producci\u00f3n audiovisual de alta calidad.<\/p>\n\n\n\n<p class=\"has-text-align-center has-neve-text-color-color has-text-color has-link-color has-medium-font-size wp-elements-0bef5d1ad8c50ba7338b3432f6dc1d8e\"> desde videos promocionales hasta tutoriales o testimonios de clientes. <\/p>\n\n\n\n<p class=\"has-text-align-center has-neve-text-color-color has-text-color has-link-color has-medium-font-size wp-elements-0f39699380fee4bfb7445ee82ca49849\">nos aseguramos de que los videos sean optimizados para su distribuci\u00f3n en diferentes plataformas y redes sociales.<\/p>\n<\/blockquote>\n<\/div>\n<\/div><\/div>\n\n\n\n<div id=\"wp-block-themeisle-blocks-advanced-columns-51f0e890\" class=\"wp-block-themeisle-blocks-advanced-columns alignfull has-1-columns has-desktop-equal-layout has-tablet-equal-layout has-mobile-equal-layout has-vertical-unset\"><div class=\"wp-block-themeisle-blocks-advanced-columns-overlay\"><\/div><div class=\"innerblocks-wrap\">\n<div id=\"wp-block-themeisle-blocks-advanced-column-286cc200\" class=\"wp-block-themeisle-blocks-advanced-column\"><div class=\"wp-block-themeisle-blocks-advanced-column-overlay\"><\/div><div class=\"wp-block-image is-style-rounded\">\n<figure class=\"alignleft size-full is-resized\"><img loading=\"lazy\" decoding=\"async\" width=\"1024\" height=\"1024\" src=\"https:\/\/dronjose.com\/wp-content\/uploads\/2024\/01\/dron.jpg\" alt=\"\" class=\"wp-image-301\" style=\"object-fit:contain;width:300px;height:300px\" srcset=\"https:\/\/dronjose.com\/wp-content\/uploads\/2024\/01\/dron.jpg 1024w, https:\/\/dronjose.com\/wp-content\/uploads\/2024\/01\/dron-300x300.jpg 300w, https:\/\/dronjose.com\/wp-content\/uploads\/2024\/01\/dron-150x150.jpg 150w, https:\/\/dronjose.com\/wp-content\/uploads\/2024\/01\/dron-768x768.jpg 768w\" sizes=\"auto, (max-width: 1024px) 100vw, 1024px\" \/><\/figure>\n<\/div>\n\n\n<h3 class=\"wp-block-heading has-text-align-center has-nv-text-dark-bg-color has-text-color has-link-color wp-elements-9a55a3c7743898539236e027a0118fe0\">dron<\/h3>\n\n\n\n<blockquote class=\"wp-block-quote has-text-align-center has-medium-font-size is-layout-flow wp-block-quote-is-layout-flow\">\n<p class=\"has-text-align-center has-neve-text-color-color has-text-color has-link-color has-medium-font-size wp-elements-e086ee86b00d89a73a72c021f02a23cb\">El uso de drones en la creaci\u00f3n de contenidos audiovisuales ha revolucionado la forma en que se capturan im\u00e1genes y videos. <\/p>\n\n\n\n<p class=\"has-text-align-center has-neve-text-color-color has-text-color has-link-color has-medium-font-size wp-elements-24882edb055f5928e3b7791fa6e335ea\">somos pilotos certificados y contamos con equipos de \u00faltima generaci\u00f3n para capturar tomas a\u00e9reas impresionantes.<\/p>\n\n\n\n<p class=\"has-text-align-center has-neve-text-color-color has-text-color has-link-color has-medium-font-size wp-elements-1f6497a268f88a6bfa8ada36bfe4b1c9\">Ya sea para proyectos inmobiliarios, eventos deportivos o producciones cinematogr\u00e1ficas, el uso de drones puede brindar una perspectiva \u00fanica y atractiva.<\/p>\n<\/blockquote>\n<\/div>\n<\/div><\/div>\n\n\n\n<div id=\"wp-block-themeisle-blocks-advanced-columns-1190753c\" class=\"wp-block-themeisle-blocks-advanced-columns alignfull has-1-columns has-desktop-equal-layout has-tablet-equal-layout has-mobile-equal-layout has-vertical-unset\"><div class=\"wp-block-themeisle-blocks-advanced-columns-overlay\"><\/div><div class=\"innerblocks-wrap\">\n<div id=\"wp-block-themeisle-blocks-advanced-column-b3bcda23\" class=\"wp-block-themeisle-blocks-advanced-column\"><div class=\"wp-block-themeisle-blocks-advanced-column-overlay\"><\/div><div class=\"wp-block-image is-style-rounded\">\n<figure class=\"alignleft size-full is-resized\"><img loading=\"lazy\" decoding=\"async\" width=\"1024\" height=\"1024\" src=\"https:\/\/dronjose.com\/wp-content\/uploads\/2024\/01\/foto.jpg\" alt=\"\" class=\"wp-image-307\" style=\"object-fit:contain;width:300px;height:300px\" srcset=\"https:\/\/dronjose.com\/wp-content\/uploads\/2024\/01\/foto.jpg 1024w, https:\/\/dronjose.com\/wp-content\/uploads\/2024\/01\/foto-300x300.jpg 300w, https:\/\/dronjose.com\/wp-content\/uploads\/2024\/01\/foto-150x150.jpg 150w, https:\/\/dronjose.com\/wp-content\/uploads\/2024\/01\/foto-768x768.jpg 768w\" sizes=\"auto, (max-width: 1024px) 100vw, 1024px\" \/><\/figure>\n<\/div>\n\n\n<h3 class=\"wp-block-heading has-text-align-center has-nv-text-dark-bg-color has-text-color has-link-color wp-elements-7575b1590434790a5eb79f1ab9192caa\">fotograf\u00eda<\/h3>\n\n\n\n<p class=\"has-text-align-center has-neve-text-color-color has-text-color has-link-color has-medium-font-size wp-elements-d15caafa78547cf6d2dc6d55f3556c6a\">nos aseguramos de que cada cliente obtenga im\u00e1genes memorables y personalizadas que reflejen la esencia \u00fanica de cada proyecto<\/p>\n\n\n\n<p class=\"has-text-align-center has-neve-text-color-color has-text-color has-link-color has-medium-font-size wp-elements-0c29f413b0a5f6c449039c0d54df89d8\">Con un equipo de fot\u00f3grafos talentosos, nos especializamos en retratos vibrantes, fotograf\u00eda de productos y mucho m\u00e1s.<\/p>\n\n\n\n<p class=\"has-text-align-center has-neve-text-color-color has-text-color has-link-color has-medium-font-size wp-elements-65113f03258ba35c3d1c06b6ecd805d2\">Utilizamos herramientas de edici\u00f3n de \u00faltima generaci\u00f3n para perfeccionar cada imagen, garantizando resultados visuales impactantes.<\/p>\n<\/div>\n<\/div><\/div>\n\n\n\n<div id=\"wp-block-themeisle-blocks-advanced-columns-7983463a\" class=\"wp-block-themeisle-blocks-advanced-columns alignfull has-1-columns has-desktop-equal-layout has-tablet-equal-layout has-mobile-equal-layout has-vertical-unset\"><div class=\"wp-block-themeisle-blocks-advanced-columns-overlay\"><\/div><div class=\"innerblocks-wrap\">\n<div id=\"wp-block-themeisle-blocks-advanced-column-0a885b0b\" class=\"wp-block-themeisle-blocks-advanced-column\"><div class=\"wp-block-themeisle-blocks-advanced-column-overlay\"><\/div><div class=\"wp-block-image is-style-rounded\">\n<figure class=\"alignleft size-full is-resized\"><img loading=\"lazy\" decoding=\"async\" width=\"1024\" height=\"1024\" src=\"https:\/\/dronjose.com\/wp-content\/uploads\/2024\/01\/web.jpg\" alt=\"\" class=\"wp-image-312\" style=\"object-fit:contain;width:300px;height:300px\" srcset=\"https:\/\/dronjose.com\/wp-content\/uploads\/2024\/01\/web.jpg 1024w, https:\/\/dronjose.com\/wp-content\/uploads\/2024\/01\/web-300x300.jpg 300w, https:\/\/dronjose.com\/wp-content\/uploads\/2024\/01\/web-150x150.jpg 150w, https:\/\/dronjose.com\/wp-content\/uploads\/2024\/01\/web-768x768.jpg 768w\" sizes=\"auto, (max-width: 1024px) 100vw, 1024px\" \/><\/figure>\n<\/div>\n\n\n<h3 class=\"wp-block-heading has-text-align-center has-nv-text-dark-bg-color has-text-color has-link-color wp-elements-8bbe6a4d4fa77c8e0b550051600d8d9e\">desarrollo web<\/h3>\n\n\n\n<p class=\"has-text-align-center has-neve-text-color-color has-text-color has-link-color has-medium-font-size wp-elements-e893d283f26960a6c8480ae16c463dbc\">dise\u00f1o de sitios web atractivos y receptivos, asegur\u00e1ndonos de que la experiencia del usuario sea intuitiva y agradable.<\/p>\n\n\n\n<p class=\"has-text-align-center has-neve-text-color-color has-text-color has-link-color has-medium-font-size wp-elements-5bc468b426bc80c7a8641abac783280b\">Desde la planificaci\u00f3n hasta la implementaci\u00f3n, trabajamos a tu lado para asegurar que el resultado final refleje tu visi\u00f3n y objetivos.<\/p>\n\n\n\n<p class=\"has-text-align-center has-neve-text-color-color has-text-color has-link-color has-medium-font-size wp-elements-6ad18e90f2b918089714268966aa044d\">servicios de mantenimiento y actualizaci\u00f3n para garantizar que los sitios web permanezcan eficientes y al d\u00eda con las \u00faltimas tendencias tecnol\u00f3gicas. <\/p>\n<\/div>\n<\/div><\/div>\n","protected":false},"excerpt":{"rendered":"","protected":false},"author":1,"featured_media":0,"parent":0,"menu_order":0,"comment_status":"closed","ping_status":"closed","template":"page-templates\/template-pagebuilder-full-width.php","meta":{"neve_meta_sidebar":"full-width","neve_meta_container":"contained","neve_meta_enable_content_width":"on","neve_meta_content_width":100,"neve_meta_title_alignment":"","neve_meta_author_avatar":"","neve_post_elements_order":"","neve_meta_disable_header":"","neve_meta_disable_footer":"","neve_meta_disable_title":"","_themeisle_gutenberg_block_has_review":false,"footnotes":""},"class_list":["post-107","page","type-page","status-publish","hentry"],"_links":{"self":[{"href":"https:\/\/dronjose.com\/index.php\/wp-json\/wp\/v2\/pages\/107","targetHints":{"allow":["GET"]}}],"collection":[{"href":"https:\/\/dronjose.com\/index.php\/wp-json\/wp\/v2\/pages"}],"about":[{"href":"https:\/\/dronjose.com\/index.php\/wp-json\/wp\/v2\/types\/page"}],"author":[{"embeddable":true,"href":"https:\/\/dronjose.com\/index.php\/wp-json\/wp\/v2\/users\/1"}],"replies":[{"embeddable":true,"href":"https:\/\/dronjose.com\/index.php\/wp-json\/wp\/v2\/comments?post=107"}],"version-history":[{"count":24,"href":"https:\/\/dronjose.com\/index.php\/wp-json\/wp\/v2\/pages\/107\/revisions"}],"predecessor-version":[{"id":314,"href":"https:\/\/dronjose.com\/index.php\/wp-json\/wp\/v2\/pages\/107\/revisions\/314"}],"wp:attachment":[{"href":"https:\/\/dronjose.com\/index.php\/wp-json\/wp\/v2\/media?parent=107"}],"curies":[{"name":"wp","href":"https:\/\/api.w.org\/{rel}","templated":true}]}}